ppose -96 = -33*y + 17*y. Suppose 0 = -y*f + 3381 - 1419. What is the hundreds digit of f?
3
Suppose -1 = -3*m - 28. Suppose 5*t - 3*y - 142 = 18, 15 = -3*y. What is the units digit of ((-66)/3)/(t/m - -3)?
9
Suppose -5*h - 913 = 542. Let f be (-6)/(-42) - h/21. What is the tens digit of (-7)/(196/(-1644)) - (-4)/f?
5
Let z(t) = -21*t**2 - 6*t + 7. Let v(p) = -83*p**2 - 23*p + 30. Let n(h) = -6*v(h) + 22*z(h). What is the units digit of n(3)?
6
Let s be (-1)/(-2) + (-835)/(-10). What is the tens digit of 4/(-14) + 82596/s?
8
Let y = -79 + 4927. What is the thousands digit of y?
4
Let t(l) = -204*l - 40. Let q be t(2). Let g = q + 1054. What is the hundreds digit of g?
6
Let p(w) = 5723*w**2 - 69*w + 77. Let n(j) = -1907*j**2 + 23*j - 26. Let v(d) = 11*n(d) + 4*p(d). What is the hundreds digit of v(1)?
9
Suppose -2*j + 6*i - 8 = 4*i, -2*j + 4*i = 8. What is the hundreds digit of (-651)/j*(17/3 + -3)?
4
Let s(m) = -m**3 + 5*m**2 - 8*m + 8. Let c be s(3). What is the units digit of c + (-3)/((-15)/1565)?
5
What is the units digit of ((4 + -3)*-4)/(6/(-30342) - 0)?
8
Suppose 236 = 11*i - 9*i. Let s = -49 + i. Suppose 4*g + 9 = s. What is the units digit of g?
5
Let r(l) = -l**3 - 9*l**2 + 9*l + 2. Suppose -2 = f + 8. Let u be r(f). What is the units digit of (0 - (4 - 18))/(2/u)?
4
Let k(c) = -4*c**2 + 1 - 3 + 3*c**2 - 3*c + 8*c. Let a be k(2). Let y(t) = t**3 - 4*t**2 + 9*t - 4. What is the tens digit of y(a)?
3
Suppose 6*i + 13 = 91. Let w(s) = 0 + 3 + 14*s**2 - s**3 + s**2 - i*s. What is the tens digit of w(14)?
1
Let z = -8090 + 12650. What is the tens digit of z?
6
Suppose 0 = 12*w - 5*w - 126. Let q(h) = w - 4*h + 41*h - 9*h + 26*h. What is the hundreds digit of q(3)?
1
Let y = -2221 - -1219. What is the hundreds digit of y/(-6*2/6)?
5
Let u(i) = 117*i - 3. Let w be u(-1). Let d(h) = -h**2 + h + 192. Let o be d(0). Let r = w + o. What is the tens digit of r?
7
Let y(s) = 11*s**2 + 7*s + 82. What is the tens digit of y(-11)?
3
Let m(z) be the second derivative of z**4/12 + 5*z**3/3 + 3*z**2 - 2*z. Let u be m(-10). What is the units digit of u/9 + (-1)/(-3)?
1
Suppose 21*a + 493 = 9565. Suppose a = -8*i + 5912. What is the units digit of i?
5
Let r(x) be the first derivative of 13 + 23/2*x**2 + 16*x. What is the tens digit of r(3)?
8
Suppose -14 = -2*n + n. Let v(k) = -26*k + 23. Let w(p) = -23*p + 23. Let j(h) = 6*v(h) - 7*w(h). What is the units digit of j(n)?
7
Let q(l) = l - 13. Let m be q(10). Let u be ((-126)/(-105))/(m/(-10)). What is the units digit of 4 + 290/u + 1/2?
7
Let f = -629 + 485. What is the units digit of 4/18 - 58000/f?
3
Let q(v) = -105*v + 527. Let a be q(5). Suppose n - 3*n + 974 = 0. Suppose a*l = 5*h - n, 2*h - 68 - 122 = -4*l. What is the units digit of h?
7
Let g(f) = -167*f**3 - 12*f**2 - 43*f + 17. What is the ten thousands digit of g(-6)?
3
Suppose 5*y = -13*y + 16*y + 21036. What is the thousands digit of y?
0
Suppose -2*q + 738 = -4*h - 2326, 3*q = 5*h + 4592. Let t be ((-126)/315)/(2/(-30)). Suppose t*w = -0*w + q. What is the hundreds digit of w?
2
Let k(p) = p + 19. Let y be k(-14). Let j be -4 + (-5)/(y/(-208)). Suppose -3*v - v + j = 0. What is the units digit of v?
1
Let s(f) = 2*f**2 - 83*f + 1733. What is the hundreds digit of s(67)?
1
Let t = -29445 - -49009. What is the ten thousands digit of t?
1
Let p = 69381 - 38298. What is the thousands digit of p?
1
Suppose 3*y - 5*p = -8936, 4*y - 2*p + 6697 = -5199. Let j = 4694 + y. What is the thousands digit of j?
1
Suppose 134 = d + 5*s, 4*s - 18 = -2. What is the units digit of ((-76)/d)/((-2)/2265)?
5
Suppose -2*o + 38788 = -4*k, k + 50 = 56. What is the thousands digit of o?
9
Let y = -146 - -342. Suppose -v + y = -392. What is the hundreds digit of v?
5
Suppose 0 = 10*p - 15*p + 45. What is the tens digit of (-25480)/(-90) - 1/p?
8
Let g(f) = -106*f**3 - 11*f**2 + 5*f - 13. What is the hundreds digit of g(-4)?
5
Suppose -12*u = -6*u + 6. What is the hundreds digit of 183 + (u - 9)*(-4)/10?
1
Let n = -6523 - -27273. What is the tens digit of n?
5
Suppose -123*c + 701609 = -25*c - 3714369. What is the ten thousands digit of c?
4
Suppose 0 = 4*f + 4*f + 2440. Let h = -124 - f. What is the tens digit of h?
8
Suppose -8*f = -20*f + 84. Let u(r) be the third derivative of 5*r**4/12 + 13*r**3/3 - 5*r**2. What is the units digit of u(f)?
6
Let m(v) be the first derivative of 11*v**2/2 - 17*v + 33. Let w be m(2). What is the tens digit of -2*-82*w/20?
4
Let x(c) = -c**3 - 18*c**2 + c + 37. Suppose 100 = 8*r + 244. What is the units digit of x(r)?
9
Suppose 0 = -82*z + 131001 + 395029. What is the units digit of z?
5
Let p(m) = 3*m**2 + 30*m. Let z be p(-10). Suppose -8*r + 43*r - 21210 = z. What is the hundreds digit of r?
6
Let x = -3192 - -6089. What is the hundreds digit of x?
8
Let u = 37 - 36. Let x be (u - 3)*(-3 - (-1 - 0)). Suppose x*l + 272 - 696 = 0. What is the tens digit of l?
0
Suppose -i + 150 - 519 = 0. Let n = 554 + i. What is the tens digit of n?
8
Let f = 3114 + -2398. What is the units digit of f?
6
Suppose 5*f = 6*f + 3*j + 23, 0 = -f + 4*j - 58. Let b = f + 69. What is the units digit of b?
1
Suppose -2*r + 99 = 19*d - 20*d, -2*r - 416 = 4*d. Let p be 0/2 + 324 + -1. Let j = p + d. What is the tens digit of j?
2
Suppose -2*u + 7*u + 5 = 0. Let c be -1*(-4)/12*(u + 7). Let m(l) = 39*l - 4. What is the units digit of m(c)?
4
Let j = -153 - -151. What is the units digit of (3 - (-225 - j))*1?
6
Let b be (-173)/(-4) - (2/2)/4. Let j = b + -72. Let t = 95 - j. What is the hundreds digit of t?
1
Let i(s) = 763*s**2 + 26*s + 411. What is the ten thousands digit of i(-7)?
3
What is the units digit of 16 - (-16038 - (-16 - -31))?
9
Suppose 5*k - 575 = -5*u, -265 = -2*k - 4*u - 35. Suppose k*g - 109*g - 1860 = 0. What is the units digit of g?
0
Let c = -1592 - -9864. What is the thousands digit of c?
8
Suppose 0*m - 3*m = -3*a - 3963, -2*a = -3*m + 3966. Let b = -627 + m. What is the hundreds digit of b?
6
Suppose 3*d + 5*u - 103088 = 0, d = 78*u - 75*u + 34400. What is the hundreds digit of d?
3
What is the hundreds digit of ((-210)/(-2695) - (-8)/(-22))/(2/(-294623))?
0
Suppose 0 = 4*v + 3*h - 110917, v = -h - 1813 + 29542. What is the thousands digit of v?
7
Let s be 17/(-85) - (-1)/5. Suppose -3*k + h - 639 = -7*k, k - 4*h - 181 = s. What is the hundreds digit of k?
1
Suppose 0 = -y + 5 - 187. Let n be (32 - 74)/(4/10). Let f = n - y. What is the tens digit of f?
7
Let w = -13 - -13. Suppose 24*l + 6917 - 37877 = w. What is the units digit of l?
0
Let q be -1 - (9*(-2)/(-3) - 1153). Suppose -2*x + 2714 = -2*d, 3*x + 5*d - 2941 - q = 0. What is the tens digit of x?
5
Suppose 0 = -4*v + 4*d + 48, -41 = -5*v + 2*d + 28. Suppose n = -f + 964, -v*f = -13*f - n - 1940. What is the tens digit of f?
6
Suppose 0*r + 12*r - 1908 = 0. Let k = 166 - r. What is the units digit of k?
7
Let c = -82 + 80. What is the hundreds digit of (528 + c)/2 - -3?
2
Let z be -4*((-3)/9 - 1/(-12)). Let w(h) = -h**2 + h - 1. Let i(u) = 20*u**2 + 2*u - 2. Let p(x) = z*w(x) + i(x). What is the tens digit of p(1)?
1
What is the units digit of (27 + 6270)/((-6)/(-54))?
3
Let g = -266 + 433. Suppose -2*m + 315 = -g. What is the units digit of m?
1
Let q = 314 + -310. Suppose 0 = q*w - 9*w + 1675. What is the units digit of w?
5
Let i be (0 - (-48)/(-42))/((-2)/7). Suppose i*f = -8, -712 = -x - 4*f - 78. What is the units digit of x?
2
Let a(d) = d**2 - 2*d + 3. Let p be a(3). Suppose 0 = 3*z - 6 - p. Suppose 5*s + z*i - 458 = 171, -2*s - 2*i = -250. What is the units digit of s?
9
Let o(d) = -d + 22. Let q be o(7). Let n(v) be the second derivative of v**5/20 - 5*v**4/4 + 4*v**3/3 - 5*v**2/2 - 18*v. What is the units digit of n(q)?
5
Suppose 0 = -3*x - 6 + 3, 5*u + 2*x = 98. Let j = -5 - -18. Let i = u + j. What is the units digit of i?
3
Suppose -4*u + 225 = -u - 4*z, 0 = -2*u - z + 139. Let g = u - 111. What is the units digit of -2*(g - 1/1)?
2
Suppose -11*k = -20 - 24. Suppose -c + 1429 = h, k*h - 9*h = -2*c + 2872. What is the tens digit of c?
3
Suppose 5*c + 7*c = -8256. Let j = c + 1049. What is the hundreds digit of j?
3
Let t be (-24)/(-30)*1570/(-4). Let h = 144 + t. Let u = -85 - h. What is the tens digit of u?
8
Suppose 4*x + 4 = 0, -35 = 5*i + 4*x - 296. Let s be